{"id":239,"date":"2022-03-19T08:32:27","date_gmt":"2022-03-19T08:32:27","guid":{"rendered":"https:\/\/melarat.net\/?page_id=239"},"modified":"2024-10-07T12:54:19","modified_gmt":"2024-10-07T12:54:19","slug":"talkoopassi","status":"publish","type":"page","link":"https:\/\/melarat.net\/index.php\/talkoopassi\/","title":{"rendered":"Talkoopassi"},"content":{"rendered":"\n<p>Kaikista kisatalkoot\u00f6ist\u00e4 MeLaRan j\u00e4sen saa leiman talkoopassiin. T\u00e4ysi passi (12 leimaa) toimii maksuv\u00e4lineen\u00e4 useimmissa valmennuksissa! (arvo 20 \u20ac)<\/p>\n\n\n\n<p>MeLaRan k\u00e4yt\u00e4nt\u00f6 on, ett\u00e4 kisaajat ovat toimihenkil\u00f6in\u00e4 luokissa, joissa eiv\u00e4t starttaa. Esteratsastajat talkoilevat kouluratsastuskilpailuissa ja p\u00e4invastoin; se antaa p\u00e4iv\u00e4n kilpailijoille paremman mahdollisuuden keskitty\u00e4 omaan starttiin.<\/p>\n\n\n\n<p>Voit ilmoittautua toimihenkil\u00f6ksi ennen kilpailuja tallin ilmoitustaululle olevaan listaan tai Facebookin p\u00e4ivitykseemme. Leimaan oikeuttavia talkooteht\u00e4vi\u00e4 ovat my\u00f6s esim. ennen kilpailuja j\u00e4rjestett\u00e4v\u00e4t siivous-, pystytys ja j\u00e4rjestelytalkoot sek\u00e4 kilpailujen j\u00e4lkeinen purkuty\u00f6. Kaikkiin teht\u00e4viin annetaan tarvittava koulutus ja teht\u00e4v\u00e4t mitoitetaan kokemuksen ja i\u00e4n mukaan.&nbsp;<\/p>\n\n\n\n<p>My\u00f6s ratsastajien vanhemmat ovat tervetulleita talkoilemaan. He voivat ker\u00e4t\u00e4 perheenj\u00e4senens\u00e4 talkoopassiin leimoja. Talkoopassissa olevan teht\u00e4v\u00e4n voi kuitata hyv\u00e4ksytyksi MeLaRan hallituksen j\u00e4sen. Se kannattaa tehd\u00e4 jo kilpailup\u00e4iv\u00e4n p\u00e4\u00e4tteeksi, ettei se unohdu! Passi on voimassa yhden vuoden ajan.<\/p>\n\n\n\n<p>Talkoopassin k\u00e4yt\u00f6st\u00e4 tehd\u00e4\u00e4n ty\u00f6korvauksen ty\u00f6ilmoitus Tulorekisteriin. T\u00e4t\u00e4 varten talkoopassia k\u00e4ytt\u00e4ess\u00e4 pit\u00e4\u00e4 toimittaa rahastonhoitajalle henkil\u00f6tunnus. Rahastonhoitajan yhteystiedot l\u00f6ytyv\u00e4t <a href=\"https:\/\/melarat.net\/index.php\/hallitus\/\">hallituksen<\/a> sivulta.<\/p>\n\n\n\n<p>Tulosta talkoopassi t\u00e4st\u00e4 <a href=\"https:\/\/www.melarat.net\/pdf\/talkoopassi.pdf\">talkoopassi<\/a>.<\/p>\n\n\n\n<div style=\"height:100px\" aria-hidden=\"true\" class=\"wp-block-spacer\"><\/div>\n\n\n\n<p><\/p>\n\n\n\n<figure class=\"wp-block-image size-large is-style-rounded\"><img loading=\"lazy\" decoding=\"async\" width=\"1024\" height=\"682\" src=\"https:\/\/melarat.net\/wp-content\/uploads\/2022\/02\/201398288_395427338470499_3431539594098463262_n-1024x682.jpg\" alt=\"\" class=\"wp-image-155\" srcset=\"https:\/\/melarat.net\/wp-content\/uploads\/2022\/02\/201398288_395427338470499_3431539594098463262_n-1024x682.jpg 1024w, https:\/\/melarat.net\/wp-content\/uploads\/2022\/02\/201398288_395427338470499_3431539594098463262_n-300x200.jpg 300w, https:\/\/melarat.net\/wp-content\/uploads\/2022\/02\/201398288_395427338470499_3431539594098463262_n-768x512.jpg 768w, https:\/\/melarat.net\/wp-content\/uploads\/2022\/02\/201398288_395427338470499_3431539594098463262_n-1536x1024.jpg 1536w, https:\/\/melarat.net\/wp-content\/uploads\/2022\/02\/201398288_395427338470499_3431539594098463262_n-2048x1365.jpg 2048w, https:\/\/melarat.net\/wp-content\/uploads\/2022\/02\/201398288_395427338470499_3431539594098463262_n-360x240.jpg 360w\" sizes=\"auto, (max-width: 1024px) 100vw, 1024px\" \/><\/figure>\n\n\n\n<div style=\"height:100px\" aria-hidden=\"true\" class=\"wp-block-spacer\"><\/div>\n","protected":false},"excerpt":{"rendered":"<p>Kaikista kisatalkoot\u00f6ist\u00e4 MeLaRan j\u00e4sen saa leiman talkoopassiin. T\u00e4ysi passi (12 leimaa) toimii maksuv\u00e4lineen\u00e4 useimmissa valmennuksissa! (arvo 20 \u20ac) MeLaRan k\u00e4yt\u00e4nt\u00f6 on, ett\u00e4 kisaajat ovat toimihenkil\u00f6in\u00e4 luokissa, joissa eiv\u00e4t starttaa. Esteratsastajat talkoilevat kouluratsastuskilpailuissa ja p\u00e4invastoin; se antaa p\u00e4iv\u00e4n kilpailijoille paremman mahdollisuuden keskitty\u00e4 omaan starttiin. Voit ilmoittautua toimihenkil\u00f6ksi ennen kilpailuja tallin ilmoitustaululle [&hellip;]<\/p>\n","protected":false},"author":1,"featured_media":241,"parent":0,"menu_order":0,"comment_status":"closed","ping_status":"closed","template":"","meta":{"footnotes":""},"class_list":["post-239","page","type-page","status-publish","has-post-thumbnail","hentry"],"_links":{"self":[{"href":"https:\/\/melarat.net\/index.php\/wp-json\/wp\/v2\/pages\/239","targetHints":{"allow":["GET"]}}],"collection":[{"href":"https:\/\/melarat.net\/index.php\/wp-json\/wp\/v2\/pages"}],"about":[{"href":"https:\/\/melarat.net\/index.php\/wp-json\/wp\/v2\/types\/page"}],"author":[{"embeddable":true,"href":"https:\/\/melarat.net\/index.php\/wp-json\/wp\/v2\/users\/1"}],"replies":[{"embeddable":true,"href":"https:\/\/melarat.net\/index.php\/wp-json\/wp\/v2\/comments?post=239"}],"version-history":[{"count":6,"href":"https:\/\/melarat.net\/index.php\/wp-json\/wp\/v2\/pages\/239\/revisions"}],"predecessor-version":[{"id":608,"href":"https:\/\/melarat.net\/index.php\/wp-json\/wp\/v2\/pages\/239\/revisions\/608"}],"wp:featuredmedia":[{"embeddable":true,"href":"https:\/\/melarat.net\/index.php\/wp-json\/wp\/v2\/media\/241"}],"wp:attachment":[{"href":"https:\/\/melarat.net\/index.php\/wp-json\/wp\/v2\/media?parent=239"}],"curies":[{"name":"wp","href":"https:\/\/api.w.org\/{rel}","templated":true}]}}