{"id":75,"date":"2022-02-19T12:19:48","date_gmt":"2022-02-19T12:19:48","guid":{"rendered":"https:\/\/melarat.net\/?page_id=75"},"modified":"2026-03-27T08:33:37","modified_gmt":"2026-03-27T08:33:37","slug":"yhteistyokumppanit","status":"publish","type":"page","link":"https:\/\/melarat.net\/index.php\/yhteistyokumppanit\/","title":{"rendered":"Yhteisty\u00f6kumppanit"},"content":{"rendered":"\n<div class=\"wp-block-columns is-layout-flex wp-container-core-columns-is-layout-28f84493 wp-block-columns-is-layout-flex\">\n<div class=\"wp-block-column is-layout-flow wp-block-column-is-layout-flow\">\n<p><\/p>\n\n\n\n<h3 class=\"wp-block-heading has-text-align-left\">Meri-Lapin <br>Hevospalvelu<\/h3>\n<\/div>\n\n\n\n<div class=\"wp-block-column is-layout-flow wp-block-column-is-layout-flow\">\n<figure class=\"wp-block-image size-full is-resized\"><img loading=\"lazy\" decoding=\"async\" width=\"140\" height=\"140\" src=\"https:\/\/melarat.net\/wp-content\/uploads\/2022\/02\/mlhp_logo.png\" alt=\"\" class=\"wp-image-110\" style=\"width:160px;height:160px\"\/><\/figure>\n<\/div>\n<\/div>\n\n\n\n<p>Meill\u00e4 on ilo olla MeLaRan yhteisty\u00f6kumppani! MeLaRa j\u00e4rjest\u00e4\u00e4 tallillamme kilpailuja, tapahtumia ja valmennuksia.&nbsp;Meri-Lapin Hevospalvelu on SRL:n hyv\u00e4ksym\u00e4 ratsastuskoulu ja tarjoamme eritasoisia ratsastustunteja melkein joka p\u00e4iv\u00e4! Opetushevosemme ovat kilttej\u00e4 ja koulutettuja. Panostamme my\u00f6s henkil\u00f6kunnan osaamiseen &#8211; he ovat alansa ammattilaisia. MeLaRan j\u00e4senen\u00e4 saat alennusta ratsastustunneista. <br><br>Toimialaamme kuuluvat ratsastuskoulutoiminnan lis\u00e4ksi ratsuhevosten&nbsp;t\u00e4ysihoitopalvelut, maahantuonti, kengitys, myynti ja koulutus. Jos kilpailet tai t\u00e4ht\u00e4\u00e4t&nbsp;ratsastustavoitteisiisi pitk\u00e4j\u00e4nteisesti, voimme tarjota sinulle yksityistunteja ja valmennuksia koulu- ja esteratsastuksessa.&nbsp;Tutustu toimintaamme sivuillamme <a href=\"http:\/\/m-lhp.fi\/\" target=\"_blank\" rel=\"noreferrer noopener\">m-lhp.fi<\/a>.<br><br>Ratsastustunnit numerosta 040 774 0295. (Huom! Ratsastustuntien aikana emme voi vastata viesteihin. J\u00e4t\u00e4 soittopyynt\u00f6 Whatsappilla tai tekstiviestill\u00e4, niin otamme sinuun yhteytt\u00e4 mahdollisimman pian.<\/p>\n\n\n\n<p>Myyt\u00e4v\u00e4t hevoset, valmennukset, t\u00e4ysihoitopalvelut: tj., master-ratsastuksenopettaja Katariina Pajari&nbsp;<a rel=\"noreferrer noopener\" href=\"mailto:hevospalvelu@gmail.com\" target=\"_blank\">hevospalvelu@gmail.com<\/a>&nbsp;040 5117 387. Lis\u00e4tietoa myyt\u00e4vist\u00e4 hevosista&nbsp;<a rel=\"noreferrer noopener\" href=\"https:\/\/www.m-lhp.fi\/horsesales.htm\" target=\"_blank\">t\u00e4st\u00e4 linkist\u00e4<\/a><\/p>\n\n\n\n<p><\/p>\n\n\n\n<div class=\"wp-block-columns is-layout-flex wp-container-core-columns-is-layout-28f84493 wp-block-columns-is-layout-flex\">\n<div class=\"wp-block-column is-layout-flow wp-block-column-is-layout-flow\">\n<h3 class=\"wp-block-heading\">Tornion Kama-Palvelut<\/h3>\n<\/div>\n\n\n\n<div class=\"wp-block-column is-layout-flow wp-block-column-is-layout-flow\">\n<figure class=\"wp-block-image size-large\"><img loading=\"lazy\" decoding=\"async\" width=\"1024\" height=\"201\" src=\"https:\/\/melarat.net\/wp-content\/uploads\/2025\/09\/KamaLogo4-1024x201.jpg\" alt=\"\" class=\"wp-image-706\" srcset=\"https:\/\/melarat.net\/wp-content\/uploads\/2025\/09\/KamaLogo4-1024x201.jpg 1024w, https:\/\/melarat.net\/wp-content\/uploads\/2025\/09\/KamaLogo4-300x59.jpg 300w, https:\/\/melarat.net\/wp-content\/uploads\/2025\/09\/KamaLogo4-768x151.jpg 768w, https:\/\/melarat.net\/wp-content\/uploads\/2025\/09\/KamaLogo4-1536x302.jpg 1536w, https:\/\/melarat.net\/wp-content\/uploads\/2025\/09\/KamaLogo4-2048x402.jpg 2048w\" sizes=\"auto, (max-width: 1024px) 100vw, 1024px\" \/><\/figure>\n<\/div>\n<\/div>\n\n\n\n<p>Tornion KaMa-Palvelut Oy on vuonna 1998 perustettu yritys. Toimitilat sijaitsevat Torniossa, Kromilaakson teollisuusalueella. Toimitiloista l\u00f6ytyy konepaja, hiekkapuhallushalli ja maalaamo. Tarjoamme palvelujamme my\u00f6s liikkuvalla kalustolla. Yrityksen toimialueena on koko Suomi ja Pohjoismaat.<\/p>\n\n\n\n<p>Palveluihimme kuuluvat:sillankaiteiden valmistus ja asennushiekkapuhallus- ja maalausty\u00f6t toimitiloissa sek\u00e4 liikkuvalla kalustollametallirakenteiden valmistus ja asennusnosto- ja kuljetusty\u00f6tteollisuuden mekaaninen kunnossapitoasbestity\u00f6tomavalmisteiset per\u00e4k\u00e4rryt sek\u00e4 Majava-per\u00e4k\u00e4rryjen j\u00e4lleenmyynti<\/p>\n\n\n\n<p>Yhteystiedot: Tiia Per\u00e4ntie&nbsp;<a href=\"mailto:tiia.perantie@ka-ma.fi\">Tiia.Perantie@ka-ma.fi<\/a>&nbsp;Gsm: +358 40 706 7025<br>K\u00e4yntiosoite ja toimitusosoite: Lohelankatu 10, 95450 TORNIO<\/p>\n\n\n\n<p><\/p>\n\n\n\n<div class=\"wp-block-group\"><div class=\"wp-block-group__inner-container is-layout-constrained wp-block-group-is-layout-constrained\"><div class=\"wp-block-image\">\n<figure class=\"alignright size-full is-resized\"><img loading=\"lazy\" decoding=\"async\" width=\"947\" height=\"356\" src=\"https:\/\/melarat.net\/wp-content\/uploads\/2025\/09\/TornionEnergiaLogo-2.png\" alt=\"\" class=\"wp-image-702\" style=\"width:285px;height:auto\" srcset=\"https:\/\/melarat.net\/wp-content\/uploads\/2025\/09\/TornionEnergiaLogo-2.png 947w, https:\/\/melarat.net\/wp-content\/uploads\/2025\/09\/TornionEnergiaLogo-2-300x113.png 300w, https:\/\/melarat.net\/wp-content\/uploads\/2025\/09\/TornionEnergiaLogo-2-768x289.png 768w\" sizes=\"auto, (max-width: 947px) 100vw, 947px\" \/><\/figure>\n<\/div>\n\n\n<h2 class=\"wp-block-heading\">Tornion Energia<\/h2>\n<\/div><\/div>\n\n\n\n<p>Tornion Energia Oy on Tornion kaupungin omistama osakeyhti\u00f6. Yhti\u00f6 vastaa s\u00e4hk\u00f6nsiirrosta, s\u00e4hk\u00f6- ja kaukol\u00e4mp\u00f6verkon rakentamisesta ja yll\u00e4pidosta, sek\u00e4 kaukol\u00e4mm\u00f6n tuotannosta Tornion kaupungin alueella.<\/p>\n\n\n<div class=\"wp-block-image\">\n<figure class=\"alignright size-full is-resized\"><img loading=\"lazy\" decoding=\"async\" width=\"1255\" height=\"584\" src=\"https:\/\/melarat.net\/wp-content\/uploads\/2025\/12\/CGI_logo_color_rgb-1.jpg\" alt=\"\" class=\"wp-image-726\" style=\"width:176px;height:auto\" srcset=\"https:\/\/melarat.net\/wp-content\/uploads\/2025\/12\/CGI_logo_color_rgb-1.jpg 1255w, https:\/\/melarat.net\/wp-content\/uploads\/2025\/12\/CGI_logo_color_rgb-1-300x140.jpg 300w, https:\/\/melarat.net\/wp-content\/uploads\/2025\/12\/CGI_logo_color_rgb-1-1024x477.jpg 1024w, https:\/\/melarat.net\/wp-content\/uploads\/2025\/12\/CGI_logo_color_rgb-1-768x357.jpg 768w\" sizes=\"auto, (max-width: 1255px) 100vw, 1255px\" \/><\/figure>\n<\/div>\n\n\n<div class=\"wp-block-group\"><div class=\"wp-block-group__inner-container is-layout-constrained wp-block-group-is-layout-constrained\">\n<h2 class=\"wp-block-heading has-text-align-left\">CGI<\/h2>\n<\/div><\/div>\n\n\n\n<p>CGI on yksi suurimpia IT- ja liiketoimintakonsultoinnin palveluyhti\u00f6it\u00e4 Suomessa ja maailmalla. Vahva kokemus eri toimialoilta sek\u00e4 konkreettisiin tuloksiin t\u00e4ht\u00e4\u00e4v\u00e4 l\u00e4hestymistapa&nbsp;auttaa yrityksi\u00e4 ja julkisen sektorin organisaatioita onnistumaan digitaalisessa muutoksessa ja saavuttamaan tavoitteitaan entist\u00e4 tehokkaammin.&nbsp;CGI:ll\u00e4 on Suomessa noin 3 700 ty\u00f6ntekij\u00e4\u00e4 yli 160 paikkakunnalla ja aluetoimistoja 11 paikkakunnalla.<\/p>\n\n\n<div class=\"wp-block-image\">\n<figure class=\"alignright size-large is-resized\"><img loading=\"lazy\" decoding=\"async\" width=\"1024\" height=\"401\" src=\"https:\/\/melarat.net\/wp-content\/uploads\/2025\/12\/TornionKaupunki-1024x401.png\" alt=\"\" class=\"wp-image-733\" style=\"aspect-ratio:2.553676610298309;width:189px;height:auto\" srcset=\"https:\/\/melarat.net\/wp-content\/uploads\/2025\/12\/TornionKaupunki-1024x401.png 1024w, https:\/\/melarat.net\/wp-content\/uploads\/2025\/12\/TornionKaupunki-300x118.png 300w, https:\/\/melarat.net\/wp-content\/uploads\/2025\/12\/TornionKaupunki-768x301.png 768w, https:\/\/melarat.net\/wp-content\/uploads\/2025\/12\/TornionKaupunki-1536x602.png 1536w, https:\/\/melarat.net\/wp-content\/uploads\/2025\/12\/TornionKaupunki.png 1539w\" sizes=\"auto, (max-width: 1024px) 100vw, 1024px\" \/><\/figure>\n<\/div>\n\n\n<h2 class=\"wp-block-heading\">Tornion kaupunki<\/h2>\n\n\n\n<p>Tornio on maailmanluokan rajakaupunki. Tornio on onnellisten asukkaiden, uudistuvien palvelujen ja menestyvien yritysten kaupunki Lapissa, Torniojoen ja Per\u00e4meren yhtym\u00e4kohdassa. Tornio on my\u00f6s juuri sopivan kokoinen. Meit\u00e4 torniolaisia on 21 247 (9\/2022).<\/p>\n\n\n\n<h2 class=\"wp-block-heading\">Palsatech<\/h2>\n\n\n<div class=\"wp-block-image\">\n<figure class=\"alignright size-full is-resized\"><img loading=\"lazy\" decoding=\"async\" width=\"1000\" height=\"282\" src=\"https:\/\/melarat.net\/wp-content\/uploads\/2026\/03\/Palsatech_twocolor_dark_horizontal.png\" alt=\"\" class=\"wp-image-760\" style=\"aspect-ratio:3.546174142480211;width:303px;height:auto\" srcset=\"https:\/\/melarat.net\/wp-content\/uploads\/2026\/03\/Palsatech_twocolor_dark_horizontal.png 1000w, https:\/\/melarat.net\/wp-content\/uploads\/2026\/03\/Palsatech_twocolor_dark_horizontal-300x85.png 300w, https:\/\/melarat.net\/wp-content\/uploads\/2026\/03\/Palsatech_twocolor_dark_horizontal-768x217.png 768w\" sizes=\"auto, (max-width: 1000px) 100vw, 1000px\" \/><\/figure>\n<\/div>\n\n\n<p>Palsatech on vuonna 2013 perustettu geopalveluyritys, joka tarjoaa ainutlaatuisen ja kattavan palvelukonseptin malminetsinn\u00e4n, kaivostoiminnan sek\u00e4 infrarakentamisen tarpeisiin. Meilt\u00e4 asiakkaamme saavat osaamisen, menetelm\u00e4t, tilat ja laitteet palveluna yhdest\u00e4 paikasta. Yrityksemme koostuu noin 80 geologista ja teknikosta, jotka pystyv\u00e4t auttamaan asiakkaitamme ymp\u00e4ri Eurooppaa.<\/p>\n","protected":false},"excerpt":{"rendered":"<p>Meri-Lapin Hevospalvelu Meill\u00e4 on ilo olla MeLaRan yhteisty\u00f6kumppani! MeLaRa j\u00e4rjest\u00e4\u00e4 tallillamme kilpailuja, tapahtumia ja valmennuksia.&nbsp;Meri-Lapin Hevospalvelu on SRL:n hyv\u00e4ksym\u00e4 ratsastuskoulu ja tarjoamme eritasoisia ratsastustunteja melkein joka p\u00e4iv\u00e4! Opetushevosemme ovat kilttej\u00e4 ja koulutettuja. Panostamme my\u00f6s henkil\u00f6kunnan osaamiseen &#8211; he ovat alansa ammattilaisia. MeLaRan j\u00e4senen\u00e4 saat alennusta ratsastustunneista. Toimialaamme kuuluvat ratsastuskoulutoiminnan lis\u00e4ksi [&hellip;]<\/p>\n","protected":false},"author":1,"featured_media":255,"parent":0,"menu_order":0,"comment_status":"closed","ping_status":"closed","template":"","meta":{"footnotes":""},"class_list":["post-75","page","type-page","status-publish","has-post-thumbnail","hentry"],"_links":{"self":[{"href":"https:\/\/melarat.net\/index.php\/wp-json\/wp\/v2\/pages\/75","targetHints":{"allow":["GET"]}}],"collection":[{"href":"https:\/\/melarat.net\/index.php\/wp-json\/wp\/v2\/pages"}],"about":[{"href":"https:\/\/melarat.net\/index.php\/wp-json\/wp\/v2\/types\/page"}],"author":[{"embeddable":true,"href":"https:\/\/melarat.net\/index.php\/wp-json\/wp\/v2\/users\/1"}],"replies":[{"embeddable":true,"href":"https:\/\/melarat.net\/index.php\/wp-json\/wp\/v2\/comments?post=75"}],"version-history":[{"count":20,"href":"https:\/\/melarat.net\/index.php\/wp-json\/wp\/v2\/pages\/75\/revisions"}],"predecessor-version":[{"id":762,"href":"https:\/\/melarat.net\/index.php\/wp-json\/wp\/v2\/pages\/75\/revisions\/762"}],"wp:featuredmedia":[{"embeddable":true,"href":"https:\/\/melarat.net\/index.php\/wp-json\/wp\/v2\/media\/255"}],"wp:attachment":[{"href":"https:\/\/melarat.net\/index.php\/wp-json\/wp\/v2\/media?parent=75"}],"curies":[{"name":"wp","href":"https:\/\/api.w.org\/{rel}","templated":true}]}}