{"id":86,"date":"2022-02-19T12:24:54","date_gmt":"2022-02-19T12:24:54","guid":{"rendered":"https:\/\/melarat.net\/?page_id=86"},"modified":"2022-05-26T11:12:04","modified_gmt":"2022-05-26T11:12:04","slug":"valmentautuminen","status":"publish","type":"page","link":"https:\/\/melarat.net\/index.php\/valmentautuminen\/","title":{"rendered":"Valmentautuminen"},"content":{"rendered":"\n<p>Meri-Lapin Ratsastajien syvent\u00e4v\u00e4t lajivalmennukset ovat tarkoitettu juuri sinulle, joka haluat kehitt\u00e4\u00e4 ratsastustaitoa pitk\u00e4ll\u00e4 t\u00e4ht\u00e4imell\u00e4 ja\/tai olet kiinnostunut kilpailemisesta.<\/p>\n\n\n\n<p>J\u00e4rjest\u00e4mme valmennuksia este- ja kouluratsastuksessa eri tasoryhmiss\u00e4. Kaikentasoiset ratsastajat ovat tervetulleita saamaan lis\u00e4oppia! Seuramme s\u00e4\u00e4nn\u00f6lliset valmentajat ovat ratsastuksen ammattilaisia. J\u00e4rjest\u00e4mme kiinnostuksen mukaan my\u00f6s muita valmennustapahtumia. My\u00f6s muiden ratsastusseurojen j\u00e4senet ovat tervetulleita MeLaRan valmennuksiin!<\/p>\n\n\n\n<p>J\u00e4rjestett\u00e4vist\u00e4 MeLaRa:n valmennuksista tiedotamme Facebookissa ryhm\u00e4ss\u00e4 MeLaRa. Meri-Lapin Hevospalvelu vuokraa opetushevosia ja -ponejaan seuramme j\u00e4senille ja ratsastustuntioppilailleen joihinkin valmennuksiin. Kysy lis\u00e4\u00e4 ratsastustuntisi ohjaajalta tai Katariina Pajarilta Meri-Lapin Hevospalvelusta. Hevosvuokra valmennuksista maksetaan Meri-Lapin Hevospalvelulle. Seura maksaa j\u00e4senten tilavuokran Hevospalvelulle, ratsukot eiv\u00e4t sit\u00e4 maksa itse MLHP:lle.<\/p>\n\n\n\n<p>Valmennusten hinta l\u00f6ytyy MeLaRan valmennusilmoituksesta Facebookissa.&nbsp;<\/p>\n\n\n\n<div style=\"height:78px\" aria-hidden=\"true\" class=\"wp-block-spacer\"><\/div>\n\n\n\n<div class=\"wp-block-columns is-layout-flex wp-container-core-columns-is-layout-28f84493 wp-block-columns-is-layout-flex\">\n<div class=\"wp-block-column is-layout-flow wp-block-column-is-layout-flow\">\n<h3 class=\"wp-block-heading\">Valmennuksien maksuohjeistus<\/h3>\n\n\n\n<p>MeLaRa:n j\u00e4rjest\u00e4m\u00e4t valmennukset maksetaan suoraan seuran tilille ENNEN valmennusta.<\/p>\n\n\n\n<p>Tilinumero: IBAN: FI34 5475 0020 0638 76 BIC: OKOYFIHH<\/p>\n\n\n\n<p><strong>Laita tilille menev\u00e4\u00e4n suoritukseen viitteeksi: ratsastajan nimi\/valmentajan nimi + pvm jona osallistut valmennukseen.<\/strong><\/p>\n\n\n\n<p>Jos maksat osan valmennuksen hinnasta tilille ja osan kuittaat talkoopasseilla, laita molempiin merkint\u00e4 asiasta. Lue lis\u00e4\u00e4 <a href=\"https:\/\/melarat.net\/index.php\/talkoopassi\/\" data-type=\"page\" data-id=\"239\">talkoopassista<\/a>.<\/p>\n\n\n\n<p>Ilmoittautumiset ja maksut ovat sitovia. Maksut palautetaan ainoastaan sairastapauksissa. Valmennukset on aina maksettava etuk\u00e4teen.<\/p>\n<\/div>\n\n\n\n<div class=\"wp-block-column is-layout-flow wp-block-column-is-layout-flow\">\n<figure class=\"wp-block-image size-full is-style-rounded\"><img loading=\"lazy\" decoding=\"async\" width=\"597\" height=\"896\" src=\"https:\/\/melarat.net\/wp-content\/uploads\/2022\/03\/242158471_6152914834783263_7097110801957656509_n.jpg\" alt=\"\" class=\"wp-image-329\" srcset=\"https:\/\/melarat.net\/wp-content\/uploads\/2022\/03\/242158471_6152914834783263_7097110801957656509_n.jpg 597w, https:\/\/melarat.net\/wp-content\/uploads\/2022\/03\/242158471_6152914834783263_7097110801957656509_n-200x300.jpg 200w\" sizes=\"auto, (max-width: 597px) 100vw, 597px\" \/><\/figure>\n<\/div>\n<\/div>\n","protected":false},"excerpt":{"rendered":"<p>Meri-Lapin Ratsastajien syvent\u00e4v\u00e4t lajivalmennukset ovat tarkoitettu juuri sinulle, joka haluat kehitt\u00e4\u00e4 ratsastustaitoa pitk\u00e4ll\u00e4 t\u00e4ht\u00e4imell\u00e4 ja\/tai olet kiinnostunut kilpailemisesta. J\u00e4rjest\u00e4mme valmennuksia este- ja kouluratsastuksessa eri tasoryhmiss\u00e4. Kaikentasoiset ratsastajat ovat tervetulleita saamaan lis\u00e4oppia! Seuramme s\u00e4\u00e4nn\u00f6lliset valmentajat ovat ratsastuksen ammattilaisia. J\u00e4rjest\u00e4mme kiinnostuksen mukaan my\u00f6s muita valmennustapahtumia. My\u00f6s muiden ratsastusseurojen j\u00e4senet ovat tervetulleita MeLaRan [&hellip;]<\/p>\n","protected":false},"author":1,"featured_media":306,"parent":0,"menu_order":0,"comment_status":"closed","ping_status":"closed","template":"","meta":{"footnotes":""},"class_list":["post-86","page","type-page","status-publish","has-post-thumbnail","hentry"],"_links":{"self":[{"href":"https:\/\/melarat.net\/index.php\/wp-json\/wp\/v2\/pages\/86","targetHints":{"allow":["GET"]}}],"collection":[{"href":"https:\/\/melarat.net\/index.php\/wp-json\/wp\/v2\/pages"}],"about":[{"href":"https:\/\/melarat.net\/index.php\/wp-json\/wp\/v2\/types\/page"}],"author":[{"embeddable":true,"href":"https:\/\/melarat.net\/index.php\/wp-json\/wp\/v2\/users\/1"}],"replies":[{"embeddable":true,"href":"https:\/\/melarat.net\/index.php\/wp-json\/wp\/v2\/comments?post=86"}],"version-history":[{"count":7,"href":"https:\/\/melarat.net\/index.php\/wp-json\/wp\/v2\/pages\/86\/revisions"}],"predecessor-version":[{"id":405,"href":"https:\/\/melarat.net\/index.php\/wp-json\/wp\/v2\/pages\/86\/revisions\/405"}],"wp:featuredmedia":[{"embeddable":true,"href":"https:\/\/melarat.net\/index.php\/wp-json\/wp\/v2\/media\/306"}],"wp:attachment":[{"href":"https:\/\/melarat.net\/index.php\/wp-json\/wp\/v2\/media?parent=86"}],"curies":[{"name":"wp","href":"https:\/\/api.w.org\/{rel}","templated":true}]}}